{"id":4994,"date":"2020-09-01T10:36:46","date_gmt":"2020-09-01T14:36:46","guid":{"rendered":"https:\/\/virtualunexpo.com\/?page_id=4994"},"modified":"2021-07-14T12:33:05","modified_gmt":"2021-07-14T16:33:05","slug":"salud-funcionarios","status":"publish","type":"page","link":"https:\/\/virtualunexpo.com\/?page_id=4994","title":{"rendered":"Salud"},"content":{"rendered":"<h4 class=\"text-center subtitle-post\">Sistema Integral de Salud del Ministerio del Poder Popular<br \/>\npara la Educaci\u00f3n Universitaria, Ciencia y Tecnolog\u00eda (SISMEU)<\/h4>\n<div class=\"table-responsive\">\n<table class=\"table\">\n<thead>\n<tr class=\"table-info\">\n<th scope=\"col\">SISMEU<\/th>\n<th scope=\"col\">Documento PDF<\/th>\n<\/tr>\n<\/thead>\n<tbody>\n<tr>\n<th scope=\"row\">Informaci\u00f3n General<\/th>\n<td><a href=\"https:\/web\/wp-content\/uploads\/sismeu_informacion_general_ago_2019.pdf\"><i class=\"fa fa-file-pdf-o icon-red\" aria-hidden=\"true\"><\/i><\/a><\/td>\n<\/tr>\n<tr>\n<th scope=\"row\">Planilla de Solicitud de Medicamentos<\/th>\n<td><a href=\"https:\/web\/wp-content\/uploads\/planilla_solicitud_de_medicamentos.pdf\"><i class=\"fa fa-file-pdf-o icon-red\" aria-hidden=\"true\"><\/i><\/a><\/td>\n<\/tr>\n<\/tbody>\n<\/table>\n<\/div>\n<h4 class=\"mt-5 text-center subtitle-post\">Censo para Programas M\u00e9dicos de ayuda<br \/>\na los Trabajadores y Trabajadoras de la Universidad (Cl\u00e1usulas 55, 56 y 57)<\/h4>\n<div class=\"table-responsive\">\n<table class=\"table\">\n<thead>\n<tr class=\"table-info\">\n<th rowspan=\"2\" class=\"text-center\">Documentos PDF<\/th>\n<th colspan=\"3\" class=\"text-center\">Cl\u00e1usulas<\/th>\n<\/tr>\n<tr class=\"table-info\">\n<th>55<\/th>\n<th>56<\/th>\n<th>57<\/th>\n<\/tr>\n<\/thead>\n<tbody>\n<tr>\n<th scope=\"row\">Procedimiento para la obtenci\u00f3n del formato<\/th>\n<td><a href=\"https:\/web\/wp-content\/uploads\/procedimientos_medicamentos.pdf\"><i class=\"fa fa-file-pdf-o icon-red\" aria-hidden=\"true\"><\/i><\/a><\/td>\n<td><a href=\"https:\/web\/wp-content\/uploads\/procedimientos_tratamientos.pdf\"><i class=\"fa fa-file-pdf-o icon-red\" aria-hidden=\"true\"><\/i><\/a><\/td>\n<td><a href=\"https:\/web\/wp-content\/uploads\/procedimientos_examenes.pdf\"><i class=\"fa fa-file-pdf-o icon-red\" aria-hidden=\"true\"><\/i><\/a><\/td>\n<\/tr>\n<tr>\n<th scope=\"row\">Instructivo de llenado<\/th>\n<td><a href=\"https:\/web\/wp-content\/uploads\/instructivo_medicamentos.pdf\"><i class=\"fa fa-file-pdf-o icon-red\" aria-hidden=\"true\"><\/i><\/a><\/td>\n<td><a href=\"https:\/web\/wp-content\/uploads\/instructivo_tratamientos.pdf\"><i class=\"fa fa-file-pdf-o icon-red\" aria-hidden=\"true\"><\/i><\/a><\/td>\n<td><a href=\"https:\/web\/wp-content\/uploads\/instructivos_examenes.pdf\"><i class=\"fa fa-file-pdf-o icon-red\" aria-hidden=\"true\"><\/i><\/a><\/td>\n<\/tr>\n<tr>\n<th scope=\"row\">Normativas generales, recaudos y centros de recepci\u00f3n<\/th>\n<td><a href=\"https:\/web\/wp-content\/uploads\/normativas_medicamentos_2019.pdf\"><i class=\"fa fa-file-pdf-o icon-red\" aria-hidden=\"true\"><\/i><\/a><\/td>\n<td><a href=\"https:\/web\/wp-content\/uploads\/normativas_lentes_2019.pdf\"><i class=\"fa fa-file-pdf-o icon-red\" aria-hidden=\"true\"><\/i><\/a><\/td>\n<td><a href=\"https:\/web\/wp-content\/uploads\/normativas_examenes_2019.pdf\"><i class=\"fa fa-file-pdf-o icon-red\" aria-hidden=\"true\"><\/i><\/a><\/td>\n<\/tr>\n<tr>\n<th scope=\"row\">Descarga del formato<\/th>\n<td><a href=\"https:\/web\/wp-content\/uploads\/formato_medicamentos.pdf\"><i class=\"fa fa-file-pdf-o icon-red\" aria-hidden=\"true\"><\/i><\/a><\/td>\n<td><a href=\"https:\/web\/wp-content\/uploads\/formato_tratamientos.pdf\"><i class=\"fa fa-file-pdf-o icon-red\" aria-hidden=\"true\"><\/i><\/a><\/td>\n<td><\/td>\n<\/tr>\n<\/tbody>\n<\/table>\n<\/div>\n","protected":false},"excerpt":{"rendered":"<p>Sistema Integral de Salud del Ministerio del Poder Popular para la Educaci\u00f3n Universitaria, Ciencia y Tecnolog\u00eda (SISMEU) SISMEU Documento PDF Informaci\u00f3n General Planilla de Solicitud de Medicamentos Censo para Programas M\u00e9dicos de ayuda a los Trabajadores y Trabajadoras de la Universidad (Cl\u00e1usulas 55, 56 y 57) Documentos PDF Cl\u00e1usulas 55 56 57 Procedimiento para la [&hellip;]<\/p>\n","protected":false},"author":1,"featured_media":2431,"parent":0,"menu_order":0,"comment_status":"closed","ping_status":"closed","template":"single-basico.php","meta":{"footnotes":""},"class_list":["post-4994","page","type-page","status-publish","has-post-thumbnail","hentry"],"_links":{"self":[{"href":"https:\/\/virtualunexpo.com\/index.php?rest_route=\/wp\/v2\/pages\/4994","targetHints":{"allow":["GET"]}}],"collection":[{"href":"https:\/\/virtualunexpo.com\/index.php?rest_route=\/wp\/v2\/pages"}],"about":[{"href":"https:\/\/virtualunexpo.com\/index.php?rest_route=\/wp\/v2\/types\/page"}],"author":[{"embeddable":true,"href":"https:\/\/virtualunexpo.com\/index.php?rest_route=\/wp\/v2\/users\/1"}],"replies":[{"embeddable":true,"href":"https:\/\/virtualunexpo.com\/index.php?rest_route=%2Fwp%2Fv2%2Fcomments&post=4994"}],"version-history":[{"count":11,"href":"https:\/\/virtualunexpo.com\/index.php?rest_route=\/wp\/v2\/pages\/4994\/revisions"}],"predecessor-version":[{"id":6081,"href":"https:\/\/virtualunexpo.com\/index.php?rest_route=\/wp\/v2\/pages\/4994\/revisions\/6081"}],"wp:featuredmedia":[{"embeddable":true,"href":"https:\/\/virtualunexpo.com\/index.php?rest_route=\/wp\/v2\/media\/2431"}],"wp:attachment":[{"href":"https:\/\/virtualunexpo.com\/index.php?rest_route=%2Fwp%2Fv2%2Fmedia&parent=4994"}],"curies":[{"name":"wp","href":"https:\/\/api.w.org\/{rel}","templated":true}]}}